lse
Let c be (0/3)/(1 + 2). Suppose 2*b + 2*b - 576 = c. Let f = 134 + b. Is f a composite number?
True
Let t = -36264 + 52309. Is t a prime number?
False
Suppose 9*f - 335 = -101. Suppose -24*b - 24 = -f*b. Suppose 0 = -4*q + b, -5*q - 725 = -4*s - 0*s. Is s a composite number?
True
Let d(v) = 226*v - 36. Let h be d(14). Let n = 6913 - h. Is n a prime number?
False
Let f(g) = -77 + 50 + 52 + 893*g. Let r be f(3). Let w = -1107 + r. Is w composite?
False
Suppose -1857970 = -12*h - 20*h + 3701998. Is h a composite number?
True
Suppose 4*w + 4*y - y - 11 = 0, 0 = 5*y - 5. Suppose -w*j = -9*j. Suppose 3*g - 7 = 4*x - 4554, x + 5*g - 1154 = j. Is x prime?
False
Let b(s) = 351*s - 29*s - 31 - 45*s + 233*s. Is b(8) a prime number?
True
Let l(c) = -3*c**2 + 15*c - 6. Let x be l(5). Let d(w) = 61*w**2 + 2*w - 3. Is d(x) a composite number?
True
Let o = -39 - -52. Suppose 480 = -o*g + 9*g. Let f = 401 - g. Is f a prime number?
True
Let q(x) = -575*x**2 + 31. Let p be q(12). Is (p/(-74))/((-2 - 0)/(-4)) a prime number?
True
Suppose 4*v = -2*u + 3*v + 10698, 0 = 5*u + 5*v - 26750. Let n = 8989 - u. Is n composite?
True
Suppose -3*n - 5*x + 865122 + 175846 = 0, 4*n = 2*x + 1387966. Is n a composite number?
True
Let g = 97484 + -5933. Is g composite?
True
Let w be ((-56)/49)/(-2*(-2)/(-14)). Suppose -3*l - 2*l + 3*v = -14626, w*v = 4*l - 11696. Is l composite?
False
Let u(t) = -t**3 - t**2 + 3*t + 1. Let x be u(0). Let n(a) = 2*a - 368*a**3 + x + a**2 + 3*a + 176*a**3 - 6*a. Is n(-2) prime?
True
Is (23695/(-55) + 6/(-33))*(31 + -36) a prime number?
False
Suppose 4*w - 22*n = -21*n - 50, 0 = 5*n - 10. Let c(x) = x**3 + 17*x**2 - 18*x - 15. Is c(w) a prime number?
False
Suppose 2054*g = 2119*g - 7540585. Is g a composite number?
False
Let m be (-4)/4 + (-14 - -3). Is 4 + (-2)/m + 125137/102 prime?
True
Let g(x) = -71*x - 13. Is g(-54) composite?
False
Let i(a) = 7*a**3 + 3 + 2*a**3 - 2*a**2 - 65*a**3 - 2*a - 23*a**3. Is i(-2) a prime number?
True
Suppose -3*c - 2*t = -28890 + 3425, c + t = 8488. Is c composite?
True
Suppose 46204 - 267597 = -0*m - m. Is m a composite number?
False
Let k be 745 - ((-49)/(-7) - 2). Let h = 2293 - k. Is h a prime number?
True
Let u(f) = -122*f**3 + 3*f**2 - f - 1. Suppose -i = -2*i + 2. Let z be u(i). Let q = z + 1412. Is q prime?
False
Let f = -65793 + 97534. Is f a composite number?
False
Suppose 8*w - 3 = 29. Suppose 4*l - 4619 = v - w*v, -5*l - 2*v = -5765. Is l a prime number?
True
Let d(l) = 54*l + 22. Let g(q) = -q. Let c(y) = -d(y) + 3*g(y). Suppose 0 = 4*n - 3*n + 5, 3*n = -k - 28. Is c(k) composite?
False
Suppose -5*c = -2*f + 471130, -2*c - 235563 = -73*f + 72*f. Is f composite?
True
Let u(t) be the first derivative of -19*t**2 + 9*t + 380. Let k be -9 - (2 - -1)/3. Is u(k) prime?
True
Let u = -121 + 126. Suppose -u*m = 2*w + 143, -6 + 29 = -m + w. Is (1014 - m)*(-4)/(-6) a composite number?
True
Suppose 37 = 6*n + 91. Is (-33 - 0)*1*831/n a composite number?
True
Suppose -3*u = -4*x + 2*u + 42340, 5*x + 5*u - 52970 = 0. Suppose -107*j = -101*j - x. Let h = j - 1068. Is h composite?
True
Let q(c) be the third derivative of -1/5*c**5 - c**2 + 1/120*c**6 + 0 - 10/3*c**3 + 0*c - 1/6*c**4. Is q(13) composite?
False
Let b = 9640 - 6400. Suppose 2*z - b = -884. Let g = -505 + z. Is g a composite number?
False
Let y(w) = 2*w**3 + 23*w**2 - 12*w - 1. Let u be y(-12). Is (u + 0)*(-16723)/7 a prime number?
True
Let g(x) = 128*x**2 - 18*x - 79. Is g(24) a prime number?
False
Suppose -813565 = -2*i - v, 0 = 6*i - 11*i + v + 2033902. Is i a prime number?
False
Suppose -4*z - 20 = 0, 5*n = -4*z + 5*z + 5. Is 1466 + n + -4 - (-2 + 3) a composite number?
True
Suppose -5*c - r + 10 = 0, 0 = 10*c - 6*c - 2*r - 22. Suppose 0 = 3*l - p - c*p - 1675, 0 = l + 2*p - 575. Is l prime?
False
Let y = -174 + 202. Suppose 0 = -42*k + y*k + 812. Is k a composite number?
True
Let o = -5148 + 12401. Is o a prime number?
True
Let v(j) = 15064*j - 2. Let c be v(-2). Let n be (-1)/4 - c/40. Is n/9 - (-4)/(-6) a prime number?
True
Let u be (-59332)/(-49) + (2 - (-52)/(-28)). Suppose u + 74 = v. Is v a composite number?
True
Let t = -1546 + 2171. Let k = t + 9138. Is k prime?
False
Suppose 0 = 3*b - 3*o - 67485, -4*o - 77025 - 35452 = -5*b. Is b prime?
False
Let m(r) = -3*r**2 + 25*r + 20. Let y be m(9). Suppose 5*i + o = 42210, -4*o + 22 = y. Is i a prime number?
False
Is 4/26 + (360/780)/((-2)/(-67777)) a prime number?
True
Let z be (-6 - -9)*15/(-9). Is 17073 - (z + (12/3)/4) a prime number?
True
Suppose 0 = -i - 6*i - 21. Let l be (i/6)/((-1)/792). Suppose -2*s + l = -390. Is s a composite number?
True
Suppose 34*q - 1041964 = -0*q. Let r = 43953 - q. Is r composite?
True
Let n be (-948)/(-468) + 7/(-273). Let s = 14 - 8. Suppose -2332 = -s*o + n*o. Is o a composite number?
True
Let o(m) = m**3 + 31*m**2 + 2*m + 8. Let t be o(-31). Let b be (-188)/(-36) - (-12)/t. Suppose -8813 = -12*d + b*d. Is d a composite number?
False
Suppose 4*m - 1076 = 4*r, -5*m + 1300 = 4*r - 0*r. Let i = m - -43. Let l = i + 334. Is l a composite number?
False
Suppose -5*p + 2016399 = 5*k + 321124, -k - 4 = 0. Is p a composite number?
True
Suppose -111*t - 141*t = -215*t - 136567. Is t composite?
False
Let u(b) = -20*b**2 - 3. Let s(h) = h**3 + 19*h**2 - h + 4. Let k(f) = -3*s(f) - 2*u(f). Let z be k(-9). Let m = z - 458. Is m a composite number?
True
Suppose 150 = 2*x + 4*f, -x + 5*f + 169 = 59. Let z = x + -80. Suppose 0 = 2*g + 2*g - 4, -4*o + 1561 = z*g. Is o prime?
True
Let n(i) = 16*i + 88. Let j be n(-5). Suppose j*y - 8017 = 375. Is y prime?
True
Let d(a) = a**2 - 7*a - 9. Let s be d(8). Let h be (s/(-3))/(1841/(-921) - -2). Let z = h + -94. Is z composite?
True
Suppose 0 = -a + 4*r - 5*r - 5284, 0 = -4*a - 5*r - 21134. Let i = 9679 + a. Is i a composite number?
True
Is (76/(-4))/((-10)/11930) a composite number?
True
Suppose 8*d - 128 + 88 = 0. Suppose -3*c - d*r + 14438 = -0*c, 0 = -5*c + r + 24110. Is c prime?
False
Let p be ((-61)/2 + 4/(-8))*-1. Let k(g) = 4*g**2 + 30 + 0*g**2 - 59 - 25*g + p. Is k(11) a composite number?
False
Is (37/296)/(6/5071728) prime?
False
Let p(l) = -l. Let j(y) = -17*y + 13. Let q(m) = j(m) + 2*p(m). Let s be q(-8). Let g = 302 + s. Is g prime?
True
Suppose -4 = 15*l - 11*l. Let h be (-2 + -1 - l) + 4 + 4. Suppose 0 = -2*f - h*f + 14248. Is f composite?
True
Let s(h) = -3*h**3 - 70*h**2 + 72*h - 73. Is s(-30) a prime number?
True
Let o = -313898 + 467505. Is o a composite number?
False
Let j be (8/16)/(2/(-96)). Let h = 28 + j. Suppose 15 = -5*a, -h*a - 3064 = -4*b - 0*b. Is b prime?
False
Let k(b) = 13*b**3 - b**2 + 1. Let n(t) = t - 10. Let r be n(11). Let u be k(r). Let i(z) = 3*z + 28. Is i(u) prime?
True
Let r = 501 - 453. Is 8/(r/13995) + (-2)/(-4) composite?
False
Suppose y + 3*k = 14, 38 = 5*y + 2*k + 7. Let w(u) = -u**2. Let o(n) = -n**2 - 2*n - 2. Let s(z) = -o(z) - w(z). Is s(y) prime?
False
Let i(q) = 123889*q**2 - 275*q - 827. Is i(-3) a prime number?
True
Let o = 8220 - 2819. Is o composite?
True
Let g(y) = 74107*y**2 + 6*y - 8. Is g(3) a prime number?
False
Suppose 3*c + c = -8, 2*n - 1772 = 3*c. Let g = 456 - 206. Let b = n - g. Is b composite?
True
Let t = 19686 + 27935. Is t a prime number?
False
Suppose 2*p = -3*j + 43, 4*j + 2*p - 32 - 24 = 0. Let v = -12 + j. Is v + -5 - (-81 + 0) a prime number?
False
Let g(u) = 13*u**3 - u**2 - u + 1. Let a be g(1). Suppose -a = 4*i + 8, -m + 2464 = 2*i. Is m a composite number?
True
Let w(s) = 84*s + 34. Let x be w(-9). Let d = 77 - x. Is d prime?
False
Let y be 1/(-6 - 87/(-15)). Let x(g) = -2*g**3 - 3*g**2 - 16. Is x(y) a composite number?
True
Suppose -3*h - 4*g + 129350 = -3*g, -2*h - 5*g = -86229. Is h prime?
True
Let t(u) be the first derivative of 128*u**3/3 + 13*u**2/2 - 31*u - 41. Is t(-8) a composite number?
True
Let v = -2790 + 1035. Let q = 12124 + v. Is q a composite number?
False
Is 426483 + 84/(-4) + -25 a prime number?
False
Let g(x) = 3114*x - 2627. Is g(124) a prime number?
False
Let d(f) = -56*f + 95. Let r = -424 + 400. Is d(r) a prime number?
True
Let y(q) be the third derivative of 11*q**5/5 + 3*q**4/4 + 11*q**3/6 - 5*q**2. Is y(8) prime?
False
Suppose -3*q - 51033 = 113373. Let c = q - -77049. Is c a composite number?
False
Let b = -155 - -151. Is -